culate the highest common divisor of 21 and 78258761.
7
What is the greatest common divisor of 108913001 and 1181?
1181
Calculate the highest common divisor of 685359 and 360972.
2439
What is the greatest common factor of 64054705 and 2222?
1111
What is the greatest common divisor of 4848 and 19855590?
606
Calculate the greatest common factor of 26 and 14812954.
26
What is the greatest common divisor of 306 and 233070816?
102
What is the greatest common factor of 1176 and 46061274?
294
What is the highest common divisor of 107520 and 46464?
384
Calculate the greatest common divisor of 3316 and 11998946.
1658
Calculate the greatest common factor of 243295466 and 17170.
3434
Calculate the greatest common divisor of 645579036 and 4824.
2412
Calculate the highest common factor of 32305768 and 1166.
22
Calculate the greatest common divisor of 1117423440 and 10.
10
What is the greatest common factor of 14920147 and 4356?
121
Calculate the highest common factor of 2058 and 83982178.
686
Calculate the highest common divisor of 12876 and 1033188.
444
Calculate the highest common divisor of 3365440 and 13000.
520
Calculate the greatest common factor of 365704938 and 10836.
774
Calculate the highest common factor of 53576 and 2972744.
1448
Calculate the highest common factor of 450828 and 95256.
252
Calculate the greatest common factor of 88 and 49815810.
22
What is the greatest common divisor of 1477 and 65100?
7
Calculate the highest common divisor of 7195895 and 1047140.
6385
What is the greatest common divisor of 10456 and 1967296?
8
What is the highest common factor of 3327681 and 651?
21
Calculate the greatest common factor of 27238616 and 8.
8
What is the greatest common divisor of 502 and 40602011?
251
Calculate the greatest common divisor of 401607 and 729.
9
Calculate the highest common factor of 81305 and 85547.
707
What is the highest common factor of 970 and 83379454?
194
What is the greatest common divisor of 196970823 and 714?
357
Calculate the highest common factor of 575131605 and 120.
15
Calculate the greatest common divisor of 59566 and 4199.
13
Calculate the greatest common divisor of 2510 and 321389185.
1255
Calculate the greatest common factor of 1696811742 and 36.
18
Calculate the greatest common divisor of 323 and 366263.
19
What is the greatest common divisor of 17850 and 10999?
17
Calculate the greatest common factor of 452867215 and 5.
5
Calculate the greatest common factor of 1367847 and 630.
9
Calculate the highest common factor of 743845 and 236375.
155
Calculate the greatest common factor of 58128 and 2164176.
336
What is the highest common divisor of 80 and 288102?
2
What is the highest common factor of 30941 and 689?
1
Calculate the highest common factor of 104 and 15213614.
26
Calculate the greatest common divisor of 1357680 and 20320.
80
Calculate the highest common factor of 39411 and 261.
261
What is the greatest common factor of 219989223 and 5137?
467
What is the greatest common factor of 27323316 and 24166?
562
Calculate the greatest common divisor of 14080 and 71365888.
2816
Calculate the greatest common factor of 14922 and 699912.
18
What is the highest common factor of 271862 and 14438726?
1502
Calculate the highest common factor of 66243 and 701409.
213
What is the highest common factor of 7291 and 2247625734?
7291
What is the highest common divisor of 592487 and 6996?
53
Calculate the greatest common divisor of 13554 and 18189.
9
Calculate the greatest common divisor of 37976 and 160871083.
4747
What is the highest common divisor of 172 and 1126252?
4
Calculate the greatest common factor of 2840 and 145414.
2
Calculate the highest common divisor of 16472 and 363312.
232
What is the greatest common divisor of 1084 and 286865966?
542
Calculate the greatest common factor of 4528442 and 8696.
2174
Calculate the highest common divisor of 2292 and 2173389.
573
Calculate the highest common divisor of 8523 and 10656.
9
Calculate the highest common factor of 5273825 and 3315.
85
What is the greatest common factor of 108 and 158932?
4
What is the highest common divisor of 178809 and 14809777?
3137
What is the highest common divisor of 57417356 and 32252?
2932
What is the greatest common factor of 1203828 and 44376?
516
Calculate the greatest common divisor of 352920 and 5610.
510
What is the highest common divisor of 141747 and 366?
3
Calculate the highest common divisor of 16073485 and 15.
5
Calculate the greatest common divisor of 75 and 19658130.
15
What is the greatest common divisor of 1405764328 and 2864?
1432
What is the highest common divisor of 26078580 and 21780?
1980
What is the greatest common factor of 189296 and 152?
8
What is the greatest common factor of 22422428 and 434?
14
What is the greatest common divisor of 4171 and 25990318?
43
Calculate the highest common divisor of 318 and 38935178.
106
What is the highest common divisor of 86549 and 953258?
1219
What is the highest common factor of 309558529 and 343?
343
Calculate the highest common divisor of 464542694 and 46970.
9394
Calculate the greatest common divisor of 44266964 and 3756.
1252
Calculate the highest common divisor of 10328669 and 754.
377
Calculate the highest common divisor of 34000299 and 555.
111
Calculate the greatest common factor of 230974262 and 36049.
2773
What is the greatest common divisor of 59904 and 7022080?
6656
What is the greatest common factor of 5100 and 1306824?
204
Calculate the greatest common factor of 1549062 and 5904.
738
What is the highest common divisor of 89378364 and 18324?
6108
Calculate the greatest common divisor of 1404 and 307386.
18
What is the highest common divisor of 3357529 and 3185?
49
Calculate the greatest common divisor of 160822 and 89006.
382
What is the greatest common factor of 218496 and 14208?
384
What is the greatest common factor of 77310 and 5760?
90
What is the greatest common factor of 31 and 26085322?
31
What is the greatest common factor of 671 and 46219151?
671
Calculate the highest common factor of 584 and 54476104.
584
Calculate the greatest common divisor of 66501 and 348104.
821
Calculate the greatest common divisor of 235 and 145641955.
235
Calculate the highest common factor of 1470 and 2815295.
245
Calculate the greatest common divisor of 8007769 and 77.
77
What is the greatest common factor of 34565 and 511345?
155
What is the greatest common divisor of 11938752 and 336?
336
What is the highest common divisor of 9 and 48538193?
1
Calculate the greatest common divisor of 640 and 64965.
5
Calculate the greatest common factor of 46 and 186896988.
46
What is the greatest common divisor of 3331 and 61933283?
3331
Calculate the highest common factor of 30 and 3322908.
6
What is the highest common divisor of 6014674 and 4541?
239
What is the greatest common divisor of 71445 and 774620?
55
Calculate the greatest common divisor of 5716161 and 5841.
99
Calculate the greatest common factor of 48147989 and 481.
37
Calculate the greatest common divisor of 832 and 2993600.
64
What is the highest common factor of 1311 and 18121079?
437
Calculate the greatest common factor of 292945 and 46535.
205
Calculate the highest common factor of 560 and 28860944.
112
What is the greatest common factor of 28553145 and 7725?
1545
What is the highest common divisor of 5445 and 65623140?
5445
Calculate the highest common divisor of 45935823 and 14865.
2973
What is the highest common factor of 6 and 17072280?
6
Calculate the highest common factor of 34775 and 2054507.
1391
What is the highest common factor of 1769885412 and 2148?
2148
Calculate the highest common divisor of 11834 and 42334.
122
Calculate the highest common factor of 2844 and 648864.
36
Calculate the highest common divisor of 109400 and 714382.
1094
Calculate the greatest common factor of 58560 and 7664000.
320
Calculate the highest common factor of 1734596 and 3172.
244
What is the greatest common factor of 9366809 and 333?
37
Calculate the greatest common divisor of 1750375 and 19.
19
Calculate the highest common factor of 313177 and 7738.
53
What is the highest common factor of 2006 and 39229336?
2006
Calculate the greatest common divisor of 81536 and 40082.
98
What is the highest common factor of 11754801 and 6?
3
What is the highe